at is -1c + 637?
618
In base 9, what is 236 - -228?
465
In base 4, what is -20122201 - 12?
-20122213
In base 12, what is 4946 - -370?
50b6
In base 2, what is 1001011 - 10010001001?
-10000111110
In base 14, what is 1253656 + 3?
1253659
In base 16, what is -fcf4 - -2?
-fcf2
In base 3, what is 201 - 2211211?
-2211010
In base 9, what is -131376 + 51?
-131325
In base 16, what is 9a6d + 2?
9a6f
In base 9, what is 1001142 + -2?
1001140
In base 14, what is 7743b8 + 5?
7743bd
In base 2, what is -10 - -10000000001010101010?
10000000001010101000
In base 9, what is 201 + 52?
253
In base 16, what is 3ea9e - 4?
3ea9a
In base 2, what is 1101011111000010100010 - -10?
1101011111000010100100
In base 13, what is -15b228 + -4?
-15b22c
In base 11, what is a - -78a9?
7908
In base 16, what is 5 + 246f1?
246f6
In base 6, what is 53521000 + 4?
53521004
In base 15, what is -4 + -16ce0?
-16ce4
In base 10, what is 2249 + 44?
2293
In base 3, what is -1021 + -12022200?
-12100221
In base 5, what is -1 - -100122342?
100122341
In base 7, what is -15203 - -22?
-15151
In base 16, what is 1b - -1e22?
1e3d
In base 15, what is -18a - 4?
-18e
In base 5, what is -1303 - 124341?
-131144
In base 10, what is 8311 - 32?
8279
In base 15, what is 3b + 3e8?
434
In base 8, what is 5165346 - -5?
5165353
In base 16, what is -1074 - -9e?
-fd6
In base 11, what is -3354 + 0?
-3354
In base 12, what is -4 + -558b?
-5593
In base 8, what is -545 + 14?
-531
In base 9, what is -58117 - 4?
-58122
In base 3, what is 11020 + 10121021?
10202111
In base 11, what is -a15589 - -3?
-a15586
In base 4, what is -11000301011 - 0?
-11000301011
In base 2, what is 100110010011100010 - 10?
100110010011100000
In base 11, what is -98 - -5855?
5768
In base 16, what is -27d - -aa?
-1d3
In base 15, what is -1896e + 0?
-1896e
In base 16, what is 20df + 0?
20df
In base 5, what is -10043 - 412?
-11010
In base 9, what is 7184 - 68?
7115
In base 10, what is 1 - -3562?
3563
In base 4, what is -103322 + -12023?
-122011
In base 7, what is 231222 + 131?
231353
In base 8, what is -240 - -100014?
77554
In base 12, what is 8672 - -23b?
88b1
In base 14, what is 5 - -141?
146
In base 4, what is -11 + -100310?
-100321
In base 11, what is -1 + 794726?
794725
In base 2, what is -1010011101001 - -111?
-1010011100010
In base 14, what is -4d5 - -2?
-4d3
In base 2, what is -11 + -101011010001011010?
-101011010001011101
In base 14, what is 4b - 520?
-4b3
In base 13, what is -285c4 + -2?
-285c6
In base 15, what is 2 - 30abd?
-30abb
In base 6, what is -4 - -154043?
154035
In base 3, what is 111020001 - 2021?
111010210
In base 16, what is 2758 - 2?
2756
In base 11, what is 66520 + -3?
66518
In base 11, what is 48a0 + -1?
489a
In base 16, what is -1 - f26?
-f27
In base 13, what is 1 - -1466a?
1466b
In base 9, what is 166463 - 4?
166458
In base 7, what is -64 - -16011?
15614
In base 15, what is 6dcb0 - -7?
6dcb7
In base 16, what is -16ac - -1?
-16ab
In base 3, what is 122 + 2221001?
2221200
In base 15, what is a16e - 16?
a158
In base 5, what is 2011013 + -4?
2011004
In base 7, what is -14 + -331454?
-331501
In base 14, what is 5b + -1033?
-db6
In base 6, what is 4325 + 15?
4344
In base 12, what is -257816 + 4?
-257812
In base 5, what is 430233 - -3?
430241
In base 14, what is 5 - 25868?
-25863
In base 6, what is 24 + 30100?
30124
In base 15, what is -15 - 3ce53?
-3ce68
In base 11, what is 8833 - -31a?
9052
In base 14, what is -211a + 87?
-2073
In base 14, what is -ad9 + -5?
-b00
In base 6, what is -131351 - 115?
-131510
In base 9, what is 27764 + 27?
27802
In base 5, what is 1410 + -30004?
-23044
In base 3, what is 12002010 - 121?
12001112
In base 13, what is 4c59 - 4?
4c55
In base 16, what is 166c6 - -b?
166d1
In base 14, what is 3a + 719?
755
In base 2, what is -10010101001 - -100010100?
-1110010101
In base 13, what is -29a38 - 4?
-29a3c
In base 7, what is -265 + 233?
-32
In base 12, what is 2 - 3915?
-3913
In base 14, what is 6 + -3a2?
-39a
In base 15, what is -15b - -5e?
-ec
In base 8, what is -12731322 - 2?
-12731324
In base 5, what is -322 - 303300?
-304122
In base 6, what is 2 - 3225?
-3223
In base 16, what is -25006 - -3?
-25003
In base 5, what is 111 - 13141?
-13030
In base 14, what is -1b + 6aa?
68d
In base 11, what is -4960 + 65?
-48a6
In base 7, what is -34406 + -32?
-34441
In base 3, what is -11 + 11120220202?
11120220121
In base 3, what is 1120 + 111021?
112211
In base 16, what is -4dd + c43?
766
In base 3, what is -121012 - -1110?
-112202
In base 5, what is 112314 - -1133?
114002
In base 10, what is -2300323 + 1?
-2300322
In base 8, what is 13205 - 56?
13127
In base 8, what is 2654 - 2106?
546
In base 2, what is 110000101 + 110?
110001011
In base 5, what is -233 + 4310?
4022
In base 14, what is 1340 - 13?
132b
In base 14, what is -151 + -4?
-155
In base 5, what is -1144102 - 211?
-1144313
In base 12, what is 5 + a3151?
a3156
In base 15, what is -10e314 + -2?
-10e316
In base 4, what is 10010 - -1023300?
1033310
In base 7, what is 10 - 2241020?
-2241010
In base 2, what is -101 - 1001100010110111?
-1001100010111100
In base 4, what is 103233 - 113002?
-3103
In base 8, what is 5 + -455702?
-455675
In base 5, what is -3 + -20012411?
-20012414
In base 16, what is 4fdd8 - -2?
4fdda
In base 4, what is -3013 - -201230?
132211
In base 5, what is 1120342 + 3?
1120400
In base 6, what is -1010542 - 25?
-1011011
In base 13, what is -12 + -616?
-628
In base 13, what is -ab39 - -5?
-ab34
In base 7, what is 4131 + 10?
4141
In base 4, what is 11 + 12020311?
12020322
In base 4, what is -11300323 - 13?
-11301002
In base 14, what is 52c + -44?
4c8
In base 14, what is 4 - 5c81?
-5c7b
In base 3, what is 100001200 - -112221?
100121121
In base 16, what is fad - -223?
11d0
In base 8, what is -140306 + 0?
-140306
In base 12, what is 1b7013b + 3?
1b70142
In base 16, what is 1 + -6544?
-6543
In base 2, what is 1000100 + -10000011100100111?
-10000011011100011
In base 9, what is -108647 + 0?
-108647
In base 5, what is -101434 + 4113?
-42321
In base 6, what is 53 - -122012?
122105
In base 7, what is 0 - -15205610?
15205610
In base 2, what is 1000100 - -111001011110?
111010100010
In base 5, what is -4114142 - 2?
-4114144
In base 12, what is 912 + -218?
6b6
In base 5, what is 2013 - -310110?
312123
In base 3, what is -1110022122 + 12?
-1110022110
In base 12, what is 33 - 30?
3
In base 8, what is 25030 - 1?
25027
In base 7, what is 1621015 + -1?
1621014
In base 15, what is 7ec7 - d?
7eb9
In base 7, what is -146600 - 13?
-146613
In base 3, what is -201122001 - -2000?
-201120001
In base 13, what is -94844 + -3?
-94847
In base 14, what is -89b3 - 11?
-89c4
In base 12, what is -31a8 + -6?
-31b2
In base 5, what is 1033 - -2403420?
2410003
In base 13, what is -190 - -7a1c?
785c
In base 5, what is -1 - -4131012?
4131011
In base 16, what is ea93 - -5?
ea98
In base 16, what is -76605 + 2?
-76603
In base 7, what is 5251 + -254?
4664
In base 15, what is -2 - 36a?
-36c
In base 13, what is 4956 + 116?
4a6c
In base 10, what is -22230 - -5?
-22225
In base 3, what is -1102020100 - 12?
-1102020112
In base 16, what is -221c - -5?
-2217
In base 13, what is 3102a9 - 1?
3102a8
In base 11, what is -5 - 847197?
-8471a1
In base 9, what is 7 + -173?
-165
In base 8, what is -126753 - 0?
-126753
In base 15, what is b + 26cd?
26d9
In base 13, what is -5c098 + 17?
-5c081
In base 5, what is -21030424 - 0?
-21030424
In base 6, what is 402020 - 5?
402011
In base 14, what is -128 + -26a?
-394
In base 3, what is -221010 - -10020221?
2022211
In base 14, what is -1b6a2 + -1?
-1b6a3
In base 4, what is -1 - 2202122130?
-2202122131
In base 12, what is -11 + -8a?
-9b
In base 14, what is 285 - 2141?
-1c9a
In base 8, what is 3 + 1241553?
1241556
In base 9, what is -6 - 7145?
-7152
In base 15, what is 8e + 276?
315
In base 5, what is -4203 - 230?
-4433
In base 3, what is 101112010110 - 0?
101112010110
In base 7, what is -1100106 - 5?
-1100114
In base 14, what is 184 - 9d?
c5
In base 14, what is 1a8 - -139?
303
In base 14, what is 1b - -8790?
87ab
In base 6, what is 241 - 2101?
-1420
In base 4, what is 10 + 1313012000?
1313012010
In base 16, what is 4 + 125?
129
In base 4, what is 22 + 1012321003?
1012321031
In base 4, what is 1220310 + -10003?
1210301
In base 3, what is 2010011112 - -10000?
2010021112
In b